 + 28960. List the prime factors of a.
2, 1811
Suppose -4*l + 0*l = -12. Let m be l + (-5)/(-10) + (-4450)/4. List the prime factors of m*(-2)/18 - 2/9.
3, 41
Let l = 70 + -68. Suppose -2*k + 5*t = 14, l*k + 2*t = -t + 18. Let o = k + 163. List the prime factors of o.
2, 83
Let o(c) = c**3 + 10*c**2 + 3*c + 13. Let i be o(-10). Let q(l) = -21*l - 39. What are the prime factors of q(i)?
2, 3, 53
Let m be (-7)/((-14)/4) + 8/(-1). Let h be m/(-27) - 727/(-9). What are the prime factors of 0 + h + -3 + (-12)/(-2)?
2, 3, 7
Suppose 3*l - m + 1368 = 6*l, 4*m - 1824 = -4*l. List the prime factors of l.
2, 3, 19
Let i(t) = -t**3 + 13*t**2 - 15*t + 2. Let a be i(10). Suppose 5*g - a - 213 = 0. Suppose 2*z + 11 = g. What are the prime factors of z?
31
Let h(y) = -509*y + 1651. List the prime factors of h(-36).
5, 17, 47
Let w(m) = -m**3 + 10*m**2 - 13. Let h(g) = -g**3 - 2*g + 9. Let p be h(0). List the prime factors of w(p).
2, 17
Suppose -g + 1 = 4, 2*t + 5*g = 85755. What are the prime factors of (t/(-60))/((-6)/8)?
953
Let o(l) = 43*l**3 + 14*l**2 - 35*l + 74. List the prime factors of o(11).
2, 17, 431
Let s be 1488/64 + 3/4. Let a(p) = 3*p**2 - 30*p + 19. List the prime factors of a(s).
13, 79
Let y(o) = 106*o - 53. Suppose 12*u - 8*u - 37 = 3*g, -5*g + 55 = 5*u. List the prime factors of y(u).
19, 53
Suppose 0 = 2*o - 4*z - 402, 0*z + 3*z + 819 = 4*o. Let g = -12 + o. Suppose 0*u + g = 3*u. List the prime factors of u.
5, 13
Let j(d) = d**3 + 6*d**2 - 2*d - 14. Let p be j(-6). Let k be (-309)/(-9)*2 + p/3. What are the prime factors of k + (6/2 - 6)?
5, 13
Let j = -313 - -159. Let b = j - -322. Suppose -4*o + b = t, 0 = -3*o + 2*t + 2*t + 126. List the prime factors of o.
2, 3, 7
Suppose -k - o = -24703, 3*o - 2*o = 5*k - 123479. List the prime factors of k.
24697
Let j(k) = 28*k**3 - 31*k**2 + 20*k + 28. List the prime factors of j(11).
3, 5, 2251
Let k be ((-2 + 3)/((-15)/1245 + 0))/1. Suppose -5*d = 2*j + 720, -3*d + 228 = -j + 649. Let f = k - d. List the prime factors of f.
59
Let c(y) be the second derivative of y**4/12 + 4*y**3 - 21*y**2/2 + 36*y. Let s be c(-25). Let j = 215 + s. List the prime factors of j.
3, 73
Let m = 401 - 399. List the prime factors of (-1260)/(4 + -7) + 2*m.
2, 53
Let q = 44 - 40. Suppose q*d = d + 18. Suppose -d*w - 1 + 25 = 0. List the prime factors of w.
2
Suppose 1308*b - 4*a + 72920 = 1312*b, -2*a - 10 = 0. What are the prime factors of b?
5, 7, 521
Let z be (-4)/(-16) + -53*2/8. Let x = -11 - z. Let v(g) = 7*g**2 + 1. What are the prime factors of v(x)?
29
Let p be (-2)/(-26) - 13152/(-52). Suppose 5*v = m - 140, 2*m - 5*v + 4*v - p = 0. What are the prime factors of m?
5
Let s = 70 + -68. List the prime factors of 2935/(12 - 7) + 10/s.
2, 37
Let w = 138 - 123. Let q(c) = -c**3 + 14*c**2 + 13*c + 31. Let b be q(w). List the prime factors of (-5)/10*b*(-248 + 2).
3, 41
Let k(s) be the third derivative of s**5/10 - s**4/6 + s**3/3 + 232*s**2. Let w be 5/((-5)/(-2)) - -1. What are the prime factors of k(w)?
2, 11
Let v(s) = s**3 - 11*s**2 - 6*s + 4402. What are the prime factors of v(0)?
2, 31, 71
Let c = 58992 + -42032. What are the prime factors of c?
2, 5, 53
Let l = -31 - -980. Let r = 1603 - l. Suppose -38*q = -35*q - r. List the prime factors of q.
2, 109
Suppose 168 - 21 = 7*x. Suppose -19*c - 170 = -x*c. List the prime factors of (1*(-1 + 2))/(1/c).
5, 17
Let d = 34 + -32. Let l be d/(-7) + ((-51384)/(-14))/(-6). What are the prime factors of (l/30 + 0)/((-2)/10)?
2, 3, 17
Suppose 65*j + 4 = 67*j. Suppose -j*o - 6 = 0, 2*q - 445 = -4*o + 1625. List the prime factors of q.
3, 347
Let f(t) = 2*t**3 - 23*t**2 - 6*t + 29. Let k be f(13). Let g = 926 - k. List the prime factors of g.
2, 3, 13
Let z = 171 - 143. What are the prime factors of 4*(-7)/z + 762?
761
Let o = 4640 - -6324. List the prime factors of o.
2, 2741
Suppose 4*q = -11*q - 105. Let t(z) = -z**3 - 7*z**2 + 3. Let s be t(q). List the prime factors of (-242*1)/(s + -5).
11
Suppose -26*q - 48620 + 135616 = 0. List the prime factors of q.
2, 7, 239
Let p(t) = 4078*t + 1477. What are the prime factors of p(4)?
17789
Let h be (-18 + (-1 - -4))/1. Let v(t) = 21*t - 48. Let m(a) = -14*a + 32. Let y(r) = -7*m(r) - 5*v(r). List the prime factors of y(h).
11
Let c(b) = 2*b + 19. Let i be c(-11). Let k = i + 116. List the prime factors of k.
113
Suppose -6 = -2*x - x. Suppose 5*u + 238 = p - 453, -x*u - 1414 = -2*p. Suppose 4*b = -5*b + p. What are the prime factors of b?
79
Suppose -2*t = -16, -15*j - 3*t - 53766 = -20*j. List the prime factors of j.
2, 3, 11, 163
Let p(y) = -2*y**3 - 10*y**2 + 57*y + 21. List the prime factors of p(-15).
2, 3, 13, 47
Suppose 0 = 2*n + 2*n - 492. Let c = n - 121. Let k(h) = 48*h + 8. List the prime factors of k(c).
2, 13
Let t(g) = 3*g**3 + 2*g**2 + 3*g + 70. Let d(b) = -13*b**3 - 9*b**2 - 13*b - 279. Let m(k) = 2*d(k) + 9*t(k). Let v = 220 - 220. List the prime factors of m(v).
2, 3
Let j = -11173 + 17421. List the prime factors of j.
2, 11, 71
Let c be 7/(-42) + 275/66. Suppose 5*u - 2606 = n + 1473, c*u - 3266 = -2*n. List the prime factors of u.
2, 3, 17
What are the prime factors of 30917/4 + ((-19)/95 - (-3)/(-60))?
59, 131
Suppose 5*w + 435*d - 16252 = 441*d, 3*w - 9765 = -d. What are the prime factors of w?
2, 1627
Suppose 2*s - 85390 = -7*w, 0 = 4*w + 3*s + 4285 - 53070. List the prime factors of w.
2, 5, 61
Let z be 2 + 44/(-24) - 365/(-6). Let q = -26 - -36. Let b = z + q. List the prime factors of b.
71
Suppose -329*a = -316*a - 79482. List the prime factors of a.
2, 3, 1019
Let h = -104 - -107. Suppose c + 2*k = -c + 368, -h*k - 715 = -4*c. List the prime factors of c.
181
Let p(q) = -2*q**2 - 11*q - 8. Let k be p(-7). Let d = k + 37. Let s(r) = 3*r**2 - 12*r - 17. What are the prime factors of s(d)?
79
Let w(v) = v**3 - 6*v**2 - v - 2. Let f be w(6). Let c(k) = -5 - 7*k**2 - 10*k + 14*k**2 + 0*k**2 + k**3 - 4 + 3. List the prime factors of c(f).
2, 5
Let r(n) be the first derivative of -20*n**2 + 127*n + 127. What are the prime factors of r(-22)?
19, 53
Let m = 1 + 15. Let u be (7/(-3))/(m/(-48)). Let a(k) = -k**2 + 7*k + 17. What are the prime factors of a(u)?
17
What are the prime factors of (8 + 22 + -9 + -13)*20277/4?
2, 3, 751
Suppose 5*t - 20 = x, 4*x + 2*t - 45 = -3*t. List the prime factors of (-12940)/50*x/(-2) + -4.
643
Let k = 17268 + 1348. What are the prime factors of k?
2, 13, 179
Suppose 2*i - 2250 = 4*i. Let k = i - -2263. Suppose -8*y + k - 58 = 0. What are the prime factors of y?
3, 5
Suppose -10*s = -4290 - 5250. Suppose -4*g = -7*g + k + 1431, -2*g + 3*k = -s. What are the prime factors of g?
3, 53
List the prime factors of 56647 + (-78 - -12)/(-6).
2, 3, 7, 19, 71
Suppose 0 = -h + 3*c + 5133, -h + 5109 = 6*c - c. What are the prime factors of (-12)/(-2) - h/(-3)?
2, 857
Let o(d) = 13*d + 18. Let p(w) = -40*w - 54. Let v(a) = 16*o(a) + 5*p(a). Let b be v(13). Suppose -5*y = -b - 143. List the prime factors of y.
53
Let w = 71 - 73. What are the prime factors of -5*w/10*211 + -1?
2, 3, 5, 7
List the prime factors of (-3 + (4 - 7))/(9/(-3030)).
2, 5, 101
Let w = -265 - -252. List the prime factors of 20/(-130) - 1549/w.
7, 17
Suppose 5*k = 5*w - 165140, 5*k - 66077 = 14*w - 16*w. List the prime factors of w.
17, 29, 67
Let w(v) = v - 7. Let q be w(12). Suppose -1885 = -0*f + q*f. Let k = f + 651. List the prime factors of k.
2, 137
Suppose 2*a = n + 15228, -2*a - 4*n - 2755 = -17963. Suppose -3*o = -y - 2*o + 1516, -3*o + a = 5*y. What are the prime factors of y?
2, 5, 19
Let p(d) = -38*d**2 - 4*d - 3. Let m be p(-2). Let t = m + 49. List the prime factors of (-612)/(-7) - (-42)/t.
3, 29
Let o = -51178 + 72119. What are the prime factors of o?
43, 487
Suppose 5*q + 79202 = 2*s + 13556, -s + 32827 = -2*q. List the prime factors of s.
32843
Let k be (-8 - -3)*(-12)/10. Suppose 8*z - k*z = 808. What are the prime factors of z?
2, 101
Suppose 6287*t + 97710 = 6302*t. List the prime factors of t.
2, 3257
Suppose 4*y - 7 = 5*c, -8*y = -6*y - 2*c - 4. Suppose 4*z + 3*f = 5*f + 654, y*f = -4*z + 679. What are the prime factors of z?
2, 83
Suppose -9*l + 30 + 6 = 0. Suppose v - 5*r + 2084 = l*v, 4*v - 2786 = -3*r. What are the prime factors of v?
2, 349
Suppose l - 4*o = 243, -2*l - 2*o + 0*o =